{"id":17,"date":"2021-02-03T16:08:33","date_gmt":"2021-02-03T16:08:33","guid":{"rendered":"http:\/\/aircom.com.uy\/sitio\/?page_id=17"},"modified":"2021-05-18T21:54:37","modified_gmt":"2021-05-18T21:54:37","slug":"empresa","status":"publish","type":"page","link":"https:\/\/aircom.com.uy\/sitio\/empresa\/","title":{"rendered":"Empresa"},"content":{"rendered":"[vc_row type=\u00bbfull_width_content\u00bb full_screen_row_position=\u00bbmiddle\u00bb column_margin=\u00bbdefault\u00bb equal_height=\u00bbyes\u00bb content_placement=\u00bbmiddle\u00bb column_direction=\u00bbdefault\u00bb column_direction_tablet=\u00bbdefault\u00bb column_direction_phone=\u00bbdefault\u00bb bg_image=\u00bb460&#8243; bg_position=\u00bbcenter center\u00bb bg_repeat=\u00bbno-repeat\u00bb scene_position=\u00bbcenter\u00bb left_padding_desktop=\u00bb90&#8243; right_padding_desktop=\u00bb90&#8243; top_padding_tablet=\u00bb15%\u00bb left_padding_tablet=\u00bb5%\u00bb right_padding_tablet=\u00bb5%\u00bb top_padding_phone=\u00bb15%\u00bb left_padding_phone=\u00bb5%\u00bb right_padding_phone=\u00bb5%\u00bb text_color=\u00bblight\u00bb text_align=\u00bbleft\u00bb row_border_radius=\u00bbnone\u00bb row_border_radius_applies=\u00bbbg\u00bb enable_gradient=\u00bbtrue\u00bb color_overlay=\u00bb#04508f\u00bb color_overlay_2=\u00bbrgba(219,0,0,0.01)\u00bb overlay_strength=\u00bb0.8&#8243; gradient_direction=\u00bbleft_t_to_right_b\u00bb shape_divider_position=\u00bbbottom\u00bb bg_image_animation=\u00bbzoom-out-slow\u00bb shape_type=\u00bb\u00bb][vc_column column_padding=\u00bbno-extra-padding\u00bb column_padding_tablet=\u00bbinherit\u00bb column_padding_phone=\u00bbinherit\u00bb column_padding_position=\u00bball\u00bb top_margin=\u00bb10%\u00bb bottom_margin=\u00bb10%\u00bb top_margin_tablet=\u00bb10%\u00bb bottom_margin_tablet=\u00bb10%\u00bb top_margin_phone=\u00bb10%\u00bb bottom_margin_phone=\u00bb10%\u00bb background_color_opacity=\u00bb1&#8243; background_hover_color_opacity=\u00bb1&#8243; column_shadow=\u00bbnone\u00bb column_border_radius=\u00bbnone\u00bb column_link_target=\u00bb_self\u00bb gradient_direction=\u00bbleft_to_right\u00bb overlay_strength=\u00bb0.3&#8243; width=\u00bb1\/1&#8243; tablet_width_inherit=\u00bbdefault\u00bb tablet_text_alignment=\u00bbdefault\u00bb phone_text_alignment=\u00bbdefault\u00bb column_border_width=\u00bbnone\u00bb column_border_style=\u00bbsolid\u00bb bg_image_animation=\u00bbnone\u00bb][vc_column_text css_animation=\u00bbfadeInUp\u00bb]\n<h1>Empresa<\/h1>\n[\/vc_column_text][\/vc_column][\/vc_row][vc_row type=\u00bbfull_width_content\u00bb full_screen_row_position=\u00bbmiddle\u00bb column_margin=\u00bbdefault\u00bb equal_height=\u00bbyes\u00bb content_placement=\u00bbmiddle\u00bb vertically_center_columns=\u00bbtrue\u00bb column_direction=\u00bbdefault\u00bb column_direction_tablet=\u00bbdefault\u00bb column_direction_phone=\u00bbdefault\u00bb scene_position=\u00bbcenter\u00bb left_padding_tablet=\u00bb2%\u00bb right_padding_tablet=\u00bb2%\u00bb left_padding_phone=\u00bb0%\u00bb right_padding_phone=\u00bb0%\u00bb text_color=\u00bbdark\u00bb text_align=\u00bbleft\u00bb row_border_radius=\u00bbnone\u00bb row_border_radius_applies=\u00bbbg\u00bb overlay_strength=\u00bb0.3&#8243; gradient_direction=\u00bbleft_to_right\u00bb shape_divider_position=\u00bbbottom\u00bb bg_image_animation=\u00bbnone\u00bb shape_type=\u00bb\u00bb][vc_column column_padding=\u00bbpadding-5-percent\u00bb column_padding_tablet=\u00bbinherit\u00bb column_padding_phone=\u00bbinherit\u00bb column_padding_position=\u00bball\u00bb background_color_opacity=\u00bb1&#8243; background_hover_color_opacity=\u00bb1&#8243; column_shadow=\u00bbnone\u00bb column_border_radius=\u00bbnone\u00bb column_link_target=\u00bb_self\u00bb gradient_direction=\u00bbleft_to_right\u00bb overlay_strength=\u00bb0.3&#8243; width=\u00bb1\/2&#8243; tablet_width_inherit=\u00bbdefault\u00bb tablet_text_alignment=\u00bbdefault\u00bb phone_text_alignment=\u00bbdefault\u00bb column_border_width=\u00bbnone\u00bb column_border_style=\u00bbsolid\u00bb bg_image_animation=\u00bbnone\u00bb][vc_column_text]\n<h2>M\u00e1s de 40 a\u00f1os<\/h2>\n<p><strong>Desde 1980, ABAC ofrece la combinaci\u00f3n perfecta de flexibilidad y experiencia para los mercados de aire comprimido profesional, industrial y mec\u00e1nico.<\/strong><\/p>\n<p>&nbsp;<\/p>\n<p>Desde las instalaciones de fabricaci\u00f3n m\u00e1s modernas hasta su empresa, a trav\u00e9s de miles de distribuidores en m\u00e1s de 100 pa\u00edses de todo el mundo, ABAC ofrece soluciones de aire \u00abenchufar y usar\u00bb con una etiqueta de calidad. Suministramos compresores de tornillo que est\u00e1n siempre disponibles y listos para su uso.\u00danase hoy mismo a miles de clientes convencidos que utilizan millones de compresores ABAC en todo el mundo.<\/p>\n<p>Aircom es el representante oficial en Uruguay de ABAC, brindando asesoramiento t\u00e9cnico y comercial, servicio t\u00e9cnico y de postventa.[\/vc_column_text][\/vc_column][vc_column column_padding=\u00bbno-extra-padding\u00bb column_padding_tablet=\u00bbinherit\u00bb column_padding_phone=\u00bbinherit\u00bb column_padding_position=\u00bball\u00bb background_color_opacity=\u00bb1&#8243; background_hover_color_opacity=\u00bb1&#8243; column_shadow=\u00bbnone\u00bb column_border_radius=\u00bbnone\u00bb column_link_target=\u00bb_self\u00bb gradient_direction=\u00bbleft_to_right\u00bb overlay_strength=\u00bb0.3&#8243; width=\u00bb1\/2&#8243; tablet_width_inherit=\u00bbdefault\u00bb tablet_text_alignment=\u00bbdefault\u00bb phone_text_alignment=\u00bbdefault\u00bb column_border_width=\u00bbnone\u00bb column_border_style=\u00bbsolid\u00bb bg_image_animation=\u00bbnone\u00bb][image_with_animation image_url=\u00bb788&#8243; animation=\u00bbFade In\u00bb hover_animation=\u00bbnone\u00bb alignment=\u00bb\u00bb border_radius=\u00bbnone\u00bb box_shadow=\u00bbnone\u00bb image_loading=\u00bbdefault\u00bb max_width=\u00bb100%\u00bb max_width_mobile=\u00bbdefault\u00bb][\/vc_column][\/vc_row]\n","protected":false},"excerpt":{"rendered":"<p>[vc_row type=\u00bbfull_width_content\u00bb full_screen_row_position=\u00bbmiddle\u00bb column_margin=\u00bbdefault\u00bb equal_height=\u00bbyes\u00bb content_placement=\u00bbmiddle\u00bb column_direction=\u00bbdefault\u00bb column_direction_tablet=\u00bbdefault\u00bb column_direction_phone=\u00bbdefault\u00bb bg_image=\u00bb460&#8243; bg_position=\u00bbcenter center\u00bb bg_repeat=\u00bbno-repeat\u00bb scene_position=\u00bbcenter\u00bb left_padding_desktop=\u00bb90&#8243; right_padding_desktop=\u00bb90&#8243; top_padding_tablet=\u00bb15%\u00bb left_padding_tablet=\u00bb5%\u00bb right_padding_tablet=\u00bb5%\u00bb top_padding_phone=\u00bb15%\u00bb left_padding_phone=\u00bb5%\u00bb right_padding_phone=\u00bb5%\u00bb text_color=\u00bblight\u00bb text_align=\u00bbleft\u00bb row_border_radius=\u00bbnone\u00bb row_border_radius_applies=\u00bbbg\u00bb enable_gradient=\u00bbtrue\u00bb color_overlay=\u00bb#04508f\u00bb color_overlay_2=\u00bbrgba(219,0,0,0.01)\u00bb overlay_strength=\u00bb0.8&#8243;&#8230;<\/p>\n","protected":false},"author":1,"featured_media":0,"parent":0,"menu_order":0,"comment_status":"closed","ping_status":"closed","template":"","meta":{"footnotes":""},"class_list":["post-17","page","type-page","status-publish"],"yoast_head":"<!-- This site is optimized with the Yoast SEO plugin v27.3 - https:\/\/yoast.com\/product\/yoast-seo-wordpress\/ -->\n<title>Empresa - Aircom<\/title>\n<meta name=\"robots\" content=\"index, follow, max-snippet:-1, max-image-preview:large, max-video-preview:-1\" \/>\n<link rel=\"canonical\" href=\"https:\/\/aircom.com.uy\/sitio\/empresa\/\" \/>\n<meta property=\"og:locale\" content=\"es_ES\" \/>\n<meta property=\"og:type\" content=\"article\" \/>\n<meta property=\"og:title\" content=\"Empresa - Aircom\" \/>\n<meta property=\"og:description\" content=\"[vc_row type=\u00bbfull_width_content\u00bb full_screen_row_position=\u00bbmiddle\u00bb column_margin=\u00bbdefault\u00bb equal_height=\u00bbyes\u00bb content_placement=\u00bbmiddle\u00bb column_direction=\u00bbdefault\u00bb column_direction_tablet=\u00bbdefault\u00bb column_direction_phone=\u00bbdefault\u00bb bg_image=\u00bb460&#8243; bg_position=\u00bbcenter center\u00bb bg_repeat=\u00bbno-repeat\u00bb scene_position=\u00bbcenter\u00bb left_padding_desktop=\u00bb90&#8243; right_padding_desktop=\u00bb90&#8243; top_padding_tablet=\u00bb15%\u00bb left_padding_tablet=\u00bb5%\u00bb right_padding_tablet=\u00bb5%\u00bb top_padding_phone=\u00bb15%\u00bb left_padding_phone=\u00bb5%\u00bb right_padding_phone=\u00bb5%\u00bb text_color=\u00bblight\u00bb text_align=\u00bbleft\u00bb row_border_radius=\u00bbnone\u00bb row_border_radius_applies=\u00bbbg\u00bb enable_gradient=\u00bbtrue\u00bb color_overlay=\u00bb#04508f\u00bb color_overlay_2=\u00bbrgba(219,0,0,0.01)\u00bb overlay_strength=\u00bb0.8&#8243;...\" \/>\n<meta property=\"og:url\" content=\"https:\/\/aircom.com.uy\/sitio\/empresa\/\" \/>\n<meta property=\"og:site_name\" content=\"Aircom\" \/>\n<meta property=\"article:modified_time\" content=\"2021-05-18T21:54:37+00:00\" \/>\n<meta name=\"twitter:card\" content=\"summary_large_image\" \/>\n<meta name=\"twitter:label1\" content=\"Tiempo de lectura\" \/>\n\t<meta name=\"twitter:data1\" content=\"2 minutos\" \/>\n<script type=\"application\/ld+json\" class=\"yoast-schema-graph\">{\"@context\":\"https:\\\/\\\/schema.org\",\"@graph\":[{\"@type\":\"WebPage\",\"@id\":\"https:\\\/\\\/aircom.com.uy\\\/sitio\\\/empresa\\\/\",\"url\":\"https:\\\/\\\/aircom.com.uy\\\/sitio\\\/empresa\\\/\",\"name\":\"Empresa - Aircom\",\"isPartOf\":{\"@id\":\"https:\\\/\\\/aircom.com.uy\\\/sitio\\\/#website\"},\"datePublished\":\"2021-02-03T16:08:33+00:00\",\"dateModified\":\"2021-05-18T21:54:37+00:00\",\"breadcrumb\":{\"@id\":\"https:\\\/\\\/aircom.com.uy\\\/sitio\\\/empresa\\\/#breadcrumb\"},\"inLanguage\":\"es\",\"potentialAction\":[{\"@type\":\"ReadAction\",\"target\":[\"https:\\\/\\\/aircom.com.uy\\\/sitio\\\/empresa\\\/\"]}]},{\"@type\":\"BreadcrumbList\",\"@id\":\"https:\\\/\\\/aircom.com.uy\\\/sitio\\\/empresa\\\/#breadcrumb\",\"itemListElement\":[{\"@type\":\"ListItem\",\"position\":1,\"name\":\"Portada\",\"item\":\"https:\\\/\\\/aircom.com.uy\\\/sitio\\\/\"},{\"@type\":\"ListItem\",\"position\":2,\"name\":\"Empresa\"}]},{\"@type\":\"WebSite\",\"@id\":\"https:\\\/\\\/aircom.com.uy\\\/sitio\\\/#website\",\"url\":\"https:\\\/\\\/aircom.com.uy\\\/sitio\\\/\",\"name\":\"Aircom\",\"description\":\"Compresores de aire\",\"potentialAction\":[{\"@type\":\"SearchAction\",\"target\":{\"@type\":\"EntryPoint\",\"urlTemplate\":\"https:\\\/\\\/aircom.com.uy\\\/sitio\\\/?s={search_term_string}\"},\"query-input\":{\"@type\":\"PropertyValueSpecification\",\"valueRequired\":true,\"valueName\":\"search_term_string\"}}],\"inLanguage\":\"es\"}]}<\/script>\n<!-- \/ Yoast SEO plugin. -->","yoast_head_json":{"title":"Empresa - Aircom","robots":{"index":"index","follow":"follow","max-snippet":"max-snippet:-1","max-image-preview":"max-image-preview:large","max-video-preview":"max-video-preview:-1"},"canonical":"https:\/\/aircom.com.uy\/sitio\/empresa\/","og_locale":"es_ES","og_type":"article","og_title":"Empresa - Aircom","og_description":"[vc_row type=\u00bbfull_width_content\u00bb full_screen_row_position=\u00bbmiddle\u00bb column_margin=\u00bbdefault\u00bb equal_height=\u00bbyes\u00bb content_placement=\u00bbmiddle\u00bb column_direction=\u00bbdefault\u00bb column_direction_tablet=\u00bbdefault\u00bb column_direction_phone=\u00bbdefault\u00bb bg_image=\u00bb460&#8243; bg_position=\u00bbcenter center\u00bb bg_repeat=\u00bbno-repeat\u00bb scene_position=\u00bbcenter\u00bb left_padding_desktop=\u00bb90&#8243; right_padding_desktop=\u00bb90&#8243; top_padding_tablet=\u00bb15%\u00bb left_padding_tablet=\u00bb5%\u00bb right_padding_tablet=\u00bb5%\u00bb top_padding_phone=\u00bb15%\u00bb left_padding_phone=\u00bb5%\u00bb right_padding_phone=\u00bb5%\u00bb text_color=\u00bblight\u00bb text_align=\u00bbleft\u00bb row_border_radius=\u00bbnone\u00bb row_border_radius_applies=\u00bbbg\u00bb enable_gradient=\u00bbtrue\u00bb color_overlay=\u00bb#04508f\u00bb color_overlay_2=\u00bbrgba(219,0,0,0.01)\u00bb overlay_strength=\u00bb0.8&#8243;...","og_url":"https:\/\/aircom.com.uy\/sitio\/empresa\/","og_site_name":"Aircom","article_modified_time":"2021-05-18T21:54:37+00:00","twitter_card":"summary_large_image","twitter_misc":{"Tiempo de lectura":"2 minutos"},"schema":{"@context":"https:\/\/schema.org","@graph":[{"@type":"WebPage","@id":"https:\/\/aircom.com.uy\/sitio\/empresa\/","url":"https:\/\/aircom.com.uy\/sitio\/empresa\/","name":"Empresa - Aircom","isPartOf":{"@id":"https:\/\/aircom.com.uy\/sitio\/#website"},"datePublished":"2021-02-03T16:08:33+00:00","dateModified":"2021-05-18T21:54:37+00:00","breadcrumb":{"@id":"https:\/\/aircom.com.uy\/sitio\/empresa\/#breadcrumb"},"inLanguage":"es","potentialAction":[{"@type":"ReadAction","target":["https:\/\/aircom.com.uy\/sitio\/empresa\/"]}]},{"@type":"BreadcrumbList","@id":"https:\/\/aircom.com.uy\/sitio\/empresa\/#breadcrumb","itemListElement":[{"@type":"ListItem","position":1,"name":"Portada","item":"https:\/\/aircom.com.uy\/sitio\/"},{"@type":"ListItem","position":2,"name":"Empresa"}]},{"@type":"WebSite","@id":"https:\/\/aircom.com.uy\/sitio\/#website","url":"https:\/\/aircom.com.uy\/sitio\/","name":"Aircom","description":"Compresores de aire","potentialAction":[{"@type":"SearchAction","target":{"@type":"EntryPoint","urlTemplate":"https:\/\/aircom.com.uy\/sitio\/?s={search_term_string}"},"query-input":{"@type":"PropertyValueSpecification","valueRequired":true,"valueName":"search_term_string"}}],"inLanguage":"es"}]}},"_links":{"self":[{"href":"https:\/\/aircom.com.uy\/sitio\/wp-json\/wp\/v2\/pages\/17","targetHints":{"allow":["GET"]}}],"collection":[{"href":"https:\/\/aircom.com.uy\/sitio\/wp-json\/wp\/v2\/pages"}],"about":[{"href":"https:\/\/aircom.com.uy\/sitio\/wp-json\/wp\/v2\/types\/page"}],"author":[{"embeddable":true,"href":"https:\/\/aircom.com.uy\/sitio\/wp-json\/wp\/v2\/users\/1"}],"replies":[{"embeddable":true,"href":"https:\/\/aircom.com.uy\/sitio\/wp-json\/wp\/v2\/comments?post=17"}],"version-history":[{"count":22,"href":"https:\/\/aircom.com.uy\/sitio\/wp-json\/wp\/v2\/pages\/17\/revisions"}],"predecessor-version":[{"id":789,"href":"https:\/\/aircom.com.uy\/sitio\/wp-json\/wp\/v2\/pages\/17\/revisions\/789"}],"wp:attachment":[{"href":"https:\/\/aircom.com.uy\/sitio\/wp-json\/wp\/v2\/media?parent=17"}],"curies":[{"name":"wp","href":"https:\/\/api.w.org\/{rel}","templated":true}]}}